{"id":15849,"date":"2026-04-06T05:51:45","date_gmt":"2026-04-06T04:51:45","guid":{"rendered":"https:\/\/grillcentrum.shop\/gree\/produkt\/trampolina-ogrodowa-z-siatka-wewnetrzna-dla-dzieci-10ft-312cm-zipro-2\/"},"modified":"2026-04-11T02:22:27","modified_gmt":"2026-04-11T01:22:27","slug":"trampolina-ogrodowa-z-siatka-wewnetrzna-dla-dzieci-10ft-312cm-zipro-2","status":"publish","type":"product","link":"https:\/\/zelmuko.shop\/grill\/produkt\/trampolina-ogrodowa-z-siatka-wewnetrzna-dla-dzieci-10ft-312cm-zipro-2\/","title":{"rendered":"Trampolina ogrodowa z siatk\u0105 wewn\u0119trzn\u0105 dla dzieci 10FT 312cm Zipro"},"content":{"rendered":"<div style=\"font-family: Arial, sans-serif; line-height: 1.6; color: #333; padding: 20px; clear: both; display: block; width: 100%; float: none; position: static; overflow: hidden;\">\n<div style=\"clear: both; display: block; margin: 10px 0;\">\n<div style=\"clear: both; display: block; margin: 10px 0;\">\n<div style=\"clear: both; display: block; margin: 10px 0;\">\n<div  style=\"max-width:1464px;max-height:600px\">\n<div style=\"clear: both; display: block; margin: 10px 0;\">\n<div style=\"clear: both; width: 100%; display: block; margin: 20px 0; padding: 0; float: none; position: static; text-align: center;\"><img decoding=\"async\"  src=\"https:\/\/a.allegroimg.com\/original\/11f499\/01c0e08e47ff9c3bf8f385d71ae6\/Trampolina-ogrodowa-z-siatka-wewnetrzna-dla-dzieci-10FT-312cm-Zipro-Wiek-dziecka-3-lata\" srcset=\"https:\/\/a.allegroimg.com\/original\/11f499\/01c0e08e47ff9c3bf8f385d71ae6\/Trampolina-ogrodowa-z-siatka-wewnetrzna-dla-dzieci-10FT-312cm-Zipro-Wiek-dziecka-3-lata 360w,https:\/\/a.allegroimg.com\/original\/11f499\/01c0e08e47ff9c3bf8f385d71ae6\/Trampolina-ogrodowa-z-siatka-wewnetrzna-dla-dzieci-10FT-312cm-Zipro-Wiek-dziecka-3-lata 720w,https:\/\/a.allegroimg.com\/original\/11f499\/01c0e08e47ff9c3bf8f385d71ae6\/Trampolina-ogrodowa-z-siatka-wewnetrzna-dla-dzieci-10FT-312cm-Zipro-Wiek-dziecka-3-lata 1024w,https:\/\/a.allegroimg.com\/original\/11f499\/01c0e08e47ff9c3bf8f385d71ae6\/Trampolina-ogrodowa-z-siatka-wewnetrzna-dla-dzieci-10FT-312cm-Zipro-Wiek-dziecka-3-lata 1440w,https:\/\/a.allegroimg.com\/original\/11f499\/01c0e08e47ff9c3bf8f385d71ae6\/Trampolina-ogrodowa-z-siatka-wewnetrzna-dla-dzieci-10FT-312cm-Zipro-Wiek-dziecka-3-lata 1464w\" sizes=\"100vw\" width=\"1464px\" alt=\"Trampolina ogrodowa z siatk\u0105 wewn\u0119trzn\u0105 dla dzieci 10FT 312cm Zipro Wiek dziecka 3 lata +\" style=\"max-width: 100%; height: auto; display: block; margin: 0 auto;\"><\/div>\n<\/div>\n<\/div>\n<\/div>\n<\/div>\n<\/div>\n<div style=\"clear: both; display: block; margin: 10px 0;\">\n<div style=\"clear: both; display: block; margin: 10px 0;\">\n<div style=\"clear: both; display: block; margin: 10px 0;\">\n<h2>ZIPRO JumpPro IN. Postaw na trampolin\u0119, kt\u00f3ra gwarantuje bezpieczn\u0105 zabaw\u0119<\/h2>\n<p style=\"margin: 15px 0; line-height: 1.8; clear: both; display: block; width: 100%; float: none; position: static;\">Trampolina ogrodowa dla dzieci ZIPRO JumpPro IN zosta\u0142a&nbsp;<b>zaprojektowany nie tylko z my\u015bl\u0105 o najm\u0142odszych cz\u0142onkach rodziny<\/b>. Jej maksymalne obci\u0105\u017cenie na poziomie 150 kg sprawia, \u017ce mog\u0105 korzysta\u0107 z niego r\u00f3wnie\u017c doro\u015bli. Je\u015bli szukasz bezpiecznej i \u0142atwej w monta\u017cu trampoliny, kt\u00f3ra wykonana jest z wysokiej jako\u015bci materia\u0142\u00f3w, to ZIPRO JumpPro IN&nbsp; jest dla Ciebie!&nbsp;<b>Model spe\u0142nia europejskie normy EN71-1, EN71-2 i EN71-14.&nbsp;<\/b>Trampolina dla dzieci ma r\u00f3wnie\u017c certyfikaty CE.<\/p>\n<\/div>\n<\/div>\n<\/div>\n<div style=\"clear: both; display: block; margin: 10px 0;\">\n<div style=\"clear: both; display: block; margin: 10px 0;\">\n<div style=\"clear: both; display: block; margin: 10px 0;\">\n<div  style=\"max-width:1200px;max-height:1200px\">\n<div style=\"clear: both; display: block; margin: 10px 0;\">\n<div style=\"clear: both; width: 100%; display: block; margin: 20px 0; padding: 0; float: none; position: static; text-align: center;\"><img decoding=\"async\"  src=\"https:\/\/a.allegroimg.com\/original\/11964a\/1f1d5f1b40588481f7a98d216448\/Trampolina-ogrodowa-z-siatka-wewnetrzna-dla-dzieci-10FT-312cm-Zipro-Rodzaj-z-siatka\" srcset=\"https:\/\/a.allegroimg.com\/original\/11964a\/1f1d5f1b40588481f7a98d216448\/Trampolina-ogrodowa-z-siatka-wewnetrzna-dla-dzieci-10FT-312cm-Zipro-Rodzaj-z-siatka 360w,https:\/\/a.allegroimg.com\/original\/11964a\/1f1d5f1b40588481f7a98d216448\/Trampolina-ogrodowa-z-siatka-wewnetrzna-dla-dzieci-10FT-312cm-Zipro-Rodzaj-z-siatka 720w,https:\/\/a.allegroimg.com\/original\/11964a\/1f1d5f1b40588481f7a98d216448\/Trampolina-ogrodowa-z-siatka-wewnetrzna-dla-dzieci-10FT-312cm-Zipro-Rodzaj-z-siatka 1024w,https:\/\/a.allegroimg.com\/original\/11964a\/1f1d5f1b40588481f7a98d216448\/Trampolina-ogrodowa-z-siatka-wewnetrzna-dla-dzieci-10FT-312cm-Zipro-Rodzaj-z-siatka 1200w,https:\/\/a.allegroimg.com\/original\/11964a\/1f1d5f1b40588481f7a98d216448\/Trampolina-ogrodowa-z-siatka-wewnetrzna-dla-dzieci-10FT-312cm-Zipro-Rodzaj-z-siatka 1200w\" sizes=\"(min-width: 1200px) 560px, (min-width: 992px) 50vw, 100vw\" width=\"1200px\" alt=\"Trampolina ogrodowa z siatk\u0105 wewn\u0119trzn\u0105 dla dzieci 10FT 312cm Zipro Rodzaj z siatk\u0105\" style=\"max-width: 100%; height: auto; display: block; margin: 0 auto;\"><\/div>\n<\/div>\n<\/div>\n<\/div>\n<\/div>\n<div style=\"clear: both; display: block; margin: 10px 0;\">\n<div style=\"clear: both; display: block; margin: 10px 0;\">\n<h3 style=\"color: #2c5aa0; font-size: 18px; margin: 30px 0 15px 0; font-weight: bold; clear: both; display: block; width: 100%; float: none; position: static;\">Trampolina ogrodowa Zipro Jump Pro z siatk\u0105 wewn\u0119trzn\u0105 10FT 312cm<\/h3>\n<ul style=\"margin: 15px 0; padding-left: 20px; clear: both; display: block; width: 100%; float: none; position: static;\">\n<li style=\"margin: 5px 0; padding: 2px 0; clear: both; display: list-item; float: none; position: static;\">Maksymalna waga u\u017cytkownika: 150 kg<\/li>\n<li style=\"margin: 5px 0; padding: 2px 0; clear: both; display: list-item; float: none; position: static;\">\u015arednica ramy: 312 cm<\/li>\n<li style=\"margin: 5px 0; padding: 2px 0; clear: both; display: list-item; float: none; position: static;\">Wysoko\u015b\u0107 trampoliny: 256 cm<\/li>\n<li style=\"margin: 5px 0; padding: 2px 0; clear: both; display: list-item; float: none; position: static;\">Rury ramy: \u015brednica 38 mm, grubo\u015b\u0107 \u015bcianek 1,2 mm<\/li>\n<li style=\"margin: 5px 0; padding: 2px 0; clear: both; display: list-item; float: none; position: static;\">Materia\u0142: stal ocynkowana<\/li>\n<li style=\"margin: 5px 0; padding: 2px 0; clear: both; display: list-item; float: none; position: static;\">Ilo\u015b\u0107 n\u00f3g: 4<\/li>\n<li style=\"margin: 5px 0; padding: 2px 0; clear: both; display: list-item; float: none; position: static;\">Waga netto: 42 kg<\/li>\n<li style=\"margin: 5px 0; padding: 2px 0; clear: both; display: list-item; float: none; position: static;\">Mocowanie siatki: wewn\u0119trzne<\/li>\n<li style=\"margin: 5px 0; padding: 2px 0; clear: both; display: list-item; float: none; position: static;\">Odleg\u0142o\u015b\u0107 batuta od ziemi: 70 cm<\/li>\n<li style=\"margin: 5px 0; padding: 2px 0; clear: both; display: list-item; float: none; position: static;\">\u015arednica maty do skakania: 250 cm<\/li>\n<li style=\"margin: 5px 0; padding: 2px 0; clear: both; display: list-item; float: none; position: static;\">Materia\u0142 maty: spr\u0119\u017cysty PP 275 g\/m2<\/li>\n<li style=\"margin: 5px 0; padding: 2px 0; clear: both; display: list-item; float: none; position: static;\">Ilo\u015b\u0107 spr\u0119\u017cyn: 56<\/li>\n<li style=\"margin: 5px 0; padding: 2px 0; clear: both; display: list-item; float: none; position: static;\">Wymiary spr\u0119\u017cyn: d\u0142ugo\u015b\u0107 145 mm, grubo\u015b\u0107 drutu 3,1 mm<\/li>\n<li style=\"margin: 5px 0; padding: 2px 0; clear: both; display: list-item; float: none; position: static;\">Os\u0142ona spr\u0119\u017cyn: PVC+PE, wype\u0142nienie piank\u0105 EPE 8 mm<\/li>\n<li style=\"margin: 5px 0; padding: 2px 0; clear: both; display: list-item; float: none; position: static;\">Wyposa\u017cenie dodatkowe: drabinka<\/li>\n<\/ul>\n<p style=\"margin: 15px 0; line-height: 1.8; clear: both; display: block; width: 100%; float: none; position: static;\">Wymiary transportowe:<\/p>\n<ul style=\"margin: 15px 0; padding-left: 20px; clear: both; display: block; width: 100%; float: none; position: static;\">\n<li style=\"margin: 5px 0; padding: 2px 0; clear: both; display: list-item; float: none; position: static;\">Ilo\u015b\u0107 karton\u00f3w: 2 szt.<\/li>\n<li style=\"margin: 5px 0; padding: 2px 0; clear: both; display: list-item; float: none; position: static;\">Wymiary transportowe: 1180x570x160 mm (22 kg), 1000x400x170 mm (23,9 kg)<\/li>\n<\/ul>\n<\/div>\n<\/div>\n<\/div>\n<div style=\"clear: both; display: block; margin: 10px 0;\">\n<div style=\"clear: both; display: block; margin: 10px 0;\">\n<div style=\"clear: both; display: block; margin: 10px 0;\">\n<h3 style=\"color: #2c5aa0; font-size: 18px; margin: 30px 0 15px 0; font-weight: bold; clear: both; display: block; width: 100%; float: none; position: static;\">Bezpieczna siatka w systemie IN<\/h3>\n<p style=\"margin: 15px 0; line-height: 1.8; clear: both; display: block; width: 100%; float: none; position: static;\">Spr\u0119\u017cyny na zewn\u0105trz siatki eliminuj\u0105 do zera ryzyko kontaktu z nimi.<\/p>\n<h3 style=\"color: #2c5aa0; font-size: 18px; margin: 30px 0 15px 0; font-weight: bold; clear: both; display: block; width: 100%; float: none; position: static;\">Wysoka wytrzyma\u0142o\u015b\u0107 do 150 kg<\/h3>\n<p style=\"margin: 15px 0; line-height: 1.8; clear: both; display: block; width: 100%; float: none; position: static;\">Rury stalowe zapewniaj\u0105 solidn\u0105 konstrukcj\u0119 trampoliny, kt\u00f3ra wytrzyma nawet najbardziej intensywn\u0105 zabaw\u0119<\/p>\n<h3 style=\"color: #2c5aa0; font-size: 18px; margin: 30px 0 15px 0; font-weight: bold; clear: both; display: block; width: 100%; float: none; position: static;\">Doskona\u0142a spr\u0119\u017cysto\u015b\u0107 batutu<\/h3>\n<p style=\"margin: 15px 0; line-height: 1.8; clear: both; display: block; width: 100%; float: none; position: static;\">Wytrzyma\u0142a mata i g\u0119sto rozmieszczone spr\u0119\u017cyny zapewniaj\u0105 dynamiczne skoki.<\/p>\n<h3 style=\"color: #2c5aa0; font-size: 18px; margin: 30px 0 15px 0; font-weight: bold; clear: both; display: block; width: 100%; float: none; position: static;\">Trwa\u0142o\u015b\u0107 i odporno\u015b\u0107<\/h3>\n<p style=\"margin: 15px 0; line-height: 1.8; clear: both; display: block; width: 100%; float: none; position: static;\">Dzi\u0119ki wykorzystanym materia\u0142om trampolina jest odporna na deszcz, s\u0142o\u0144ce i ka\u017cd\u0105 pogod\u0119.<\/p>\n<\/div>\n<\/div>\n<div style=\"clear: both; display: block; margin: 10px 0;\">\n<div style=\"clear: both; display: block; margin: 10px 0;\">\n<div  style=\"max-width:2560px;max-height:2560px\">\n<div style=\"clear: both; display: block; margin: 10px 0;\">\n<div style=\"clear: both; width: 100%; display: block; margin: 20px 0; padding: 0; float: none; position: static; text-align: center;\"><img decoding=\"async\"  src=\"https:\/\/a.allegroimg.com\/original\/11a78f\/cd1d40694c90ba060699249d3306\/Trampolina-ogrodowa-z-siatka-wewnetrzna-dla-dzieci-10FT-312cm-Zipro-Liczba-sprezyn-lin-56\" srcset=\"https:\/\/a.allegroimg.com\/original\/11a78f\/cd1d40694c90ba060699249d3306\/Trampolina-ogrodowa-z-siatka-wewnetrzna-dla-dzieci-10FT-312cm-Zipro-Liczba-sprezyn-lin-56 360w,https:\/\/a.allegroimg.com\/original\/11a78f\/cd1d40694c90ba060699249d3306\/Trampolina-ogrodowa-z-siatka-wewnetrzna-dla-dzieci-10FT-312cm-Zipro-Liczba-sprezyn-lin-56 720w,https:\/\/a.allegroimg.com\/original\/11a78f\/cd1d40694c90ba060699249d3306\/Trampolina-ogrodowa-z-siatka-wewnetrzna-dla-dzieci-10FT-312cm-Zipro-Liczba-sprezyn-lin-56 1024w,https:\/\/a.allegroimg.com\/original\/11a78f\/cd1d40694c90ba060699249d3306\/Trampolina-ogrodowa-z-siatka-wewnetrzna-dla-dzieci-10FT-312cm-Zipro-Liczba-sprezyn-lin-56 1440w,https:\/\/a.allegroimg.com\/original\/11a78f\/cd1d40694c90ba060699249d3306\/Trampolina-ogrodowa-z-siatka-wewnetrzna-dla-dzieci-10FT-312cm-Zipro-Liczba-sprezyn-lin-56 2560w\" sizes=\"(min-width: 1200px) 560px, (min-width: 992px) 50vw, 100vw\" width=\"2560px\" alt=\"Trampolina ogrodowa z siatk\u0105 wewn\u0119trzn\u0105 dla dzieci 10FT 312cm Zipro Liczba spr\u0119\u017cyn\/lin 56\" style=\"max-width: 100%; height: auto; display: block; margin: 0 auto;\"><\/div>\n<\/div>\n<\/div>\n<\/div>\n<\/div>\n<\/div>\n<div style=\"clear: both; display: block; margin: 10px 0;\">\n<div style=\"clear: both; display: block; margin: 10px 0;\">\n<div style=\"clear: both; display: block; margin: 10px 0;\">\n<h2>Odkryj trampolin\u0119, kt\u00f3ra \u0142\u0105czy wytrzyma\u0142o\u015b\u0107 z bezpiecze\u0144stwem<\/h2>\n<p style=\"margin: 15px 0; line-height: 1.8; clear: both; display: block; width: 100%; float: none; position: static;\">\n","protected":false},"excerpt":{"rendered":"<p>ZIPRO JumpPro IN. Postaw na trampolin\u0119, kt\u00f3ra gwarantuje bezpieczn\u0105 zabaw\u0119<\/p>\n<p>Trampolina ogrodowa dla dzieci ZIPRO JumpPro IN zosta\u0142a&nbsp;zaprojektowany nie tylko z my\u015bl\u0105 o najm\u0142odszych cz\u0142onkach rodziny. Jej maksymalne obci\u0105\u017cenie na poziomie 150 kg sprawia, \u017ce mog\u0105 korzysta\u0107 z niego r\u00f3wnie\u017c doro\u015bli. Je\u015bli szukasz bezpiecznej i \u0142atwej w monta\u017cu trampoliny, kt\u00f3ra wykonana jest z wysokiej jako\u015bci materia\u0142\u00f3w, to ZIPRO JumpPro IN&nbsp; jest dla Ciebie!&nbsp;Model spe\u0142nia europejskie normy EN71-1, EN71-2 i EN71-14.&nbsp;Trampolina dla dzieci ma r\u00f3wnie\u017c certyfikaty CE.<\/p>\n","protected":false},"featured_media":15850,"template":"","meta":{"_uag_custom_page_level_css":""},"product_brand":[887],"product_cat":[541,864,863,862],"product_tag":[],"class_list":{"0":"post-15849","1":"product","2":"type-product","3":"status-publish","4":"has-post-thumbnail","6":"product_brand-zipro","7":"product_cat-ogrod","8":"product_cat-trampoliny","9":"product_cat-trampoliny-i-akcesoria","10":"product_cat-zabawki-ogrodowe","12":"first","13":"instock","14":"sale","15":"shipping-taxable","16":"purchasable","17":"product-type-simple"},"uagb_featured_image_src":{"full":["https:\/\/zelmuko.shop\/grill\/wp-content\/uploads\/2026\/04\/allegro-image-15849.jpg",2500,2500,false],"thumbnail":["https:\/\/zelmuko.shop\/grill\/wp-content\/uploads\/2026\/04\/allegro-image-15849-150x150.jpg",150,150,true],"medium":["https:\/\/zelmuko.shop\/grill\/wp-content\/uploads\/2026\/04\/allegro-image-15849-300x300.jpg",300,300,true],"medium_large":["https:\/\/zelmuko.shop\/grill\/wp-content\/uploads\/2026\/04\/allegro-image-15849-768x768.jpg",768,768,true],"large":["https:\/\/zelmuko.shop\/grill\/wp-content\/uploads\/2026\/04\/allegro-image-15849-1024x1024.jpg",1024,1024,true],"1536x1536":["https:\/\/zelmuko.shop\/grill\/wp-content\/uploads\/2026\/04\/allegro-image-15849-1536x1536.jpg",1536,1536,true],"2048x2048":["https:\/\/zelmuko.shop\/grill\/wp-content\/uploads\/2026\/04\/allegro-image-15849-2048x2048.jpg",2048,2048,true],"woocommerce_thumbnail":["https:\/\/zelmuko.shop\/grill\/wp-content\/uploads\/2026\/04\/allegro-image-15849-300x300.jpg",300,300,true],"woocommerce_single":["https:\/\/zelmuko.shop\/grill\/wp-content\/uploads\/2026\/04\/allegro-image-15849-600x600.jpg",600,600,true],"woocommerce_gallery_thumbnail":["https:\/\/zelmuko.shop\/grill\/wp-content\/uploads\/2026\/04\/allegro-image-15849-100x100.jpg",100,100,true]},"uagb_author_info":{"display_name":"admin","author_link":"https:\/\/zelmuko.shop\/grill\/author\/"},"uagb_comment_info":0,"uagb_excerpt":"ZIPRO JumpPro IN. Postaw na trampolin\u0119, kt\u00f3ra gwarantuje bezpieczn\u0105 zabaw\u0119 Trampolina ogrodowa dla dzieci ZIPRO JumpPro IN zosta\u0142a&nbsp;zaprojektowany nie tylko z my\u015bl\u0105 o najm\u0142odszych cz\u0142onkach rodziny. Jej maksymalne obci\u0105\u017cenie na poziomie 150 kg sprawia, \u017ce mog\u0105 korzysta\u0107 z niego r\u00f3wnie\u017c doro\u015bli. Je\u015bli szukasz bezpiecznej i \u0142atwej w monta\u017cu trampoliny, kt\u00f3ra wykonana jest z wysokiej jako\u015bci&hellip;","_links":{"self":[{"href":"https:\/\/zelmuko.shop\/grill\/wp-json\/wp\/v2\/product\/15849","targetHints":{"allow":["GET"]}}],"collection":[{"href":"https:\/\/zelmuko.shop\/grill\/wp-json\/wp\/v2\/product"}],"about":[{"href":"https:\/\/zelmuko.shop\/grill\/wp-json\/wp\/v2\/types\/product"}],"wp:featuredmedia":[{"embeddable":true,"href":"https:\/\/zelmuko.shop\/grill\/wp-json\/wp\/v2\/media\/15850"}],"wp:attachment":[{"href":"https:\/\/zelmuko.shop\/grill\/wp-json\/wp\/v2\/media?parent=15849"}],"wp:term":[{"taxonomy":"product_brand","embeddable":true,"href":"https:\/\/zelmuko.shop\/grill\/wp-json\/wp\/v2\/product_brand?post=15849"},{"taxonomy":"product_cat","embeddable":true,"href":"https:\/\/zelmuko.shop\/grill\/wp-json\/wp\/v2\/product_cat?post=15849"},{"taxonomy":"product_tag","embeddable":true,"href":"https:\/\/zelmuko.shop\/grill\/wp-json\/wp\/v2\/product_tag?post=15849"}],"curies":[{"name":"wp","href":"https:\/\/api.w.org\/{rel}","templated":true}]}}